. Let t(w) = -11*w**2 - 7*w + 9. Let a(k) = n*t(k) + 9*l(k). Calculate a(0).
0
Let c(h) be the third derivative of h**4/12 + 2*h**3/3 + h**2 + 9. Calculate c(5).
14
Let c(o) = -o**3 + 2*o**2 + 4*o. Let q = 90 + -86. Calculate c(q).
-16
Let u(o) = -o + 1. Let n(q) = 2*q - 3. Let m = -1 + -2. Let t(z) = m*u(z) - n(z). Determine t(4).
4
Let x(f) = -5*f - 1. Let n be (-4)/6*(16 - 1). Let o = n - -11. Determine x(o).
-6
Let s(i) = 4*i**3 - 2*i**2 + 1. Suppose x = 3*x - 2. What is s(x)?
3
Let i(w) = -w. Let v(c) = 9*c**2 + 4*c. Suppose -5*o - 5*u = -25, -o + u + 1 + 4 = 0. Let p(s) = o*i(s) + v(s). Calculate p(1).
8
Let x(f) = 5*f. Let j(r) = -r. Let b(s) = 6*j(s) + 2*x(s). Suppose -o = -10 + 11. Determine b(o).
-4
Let k(p) = 7*p - 2. Let n(s) = -6*s + 2. Let f(b) = 5*k(b) + 6*n(b). Determine f(5).
-3
Let n be -2*9/(-6) - -1. Let g(y) = -5 + 0 - 6*y + n*y - 1. Calculate g(-4).
2
Let o(n) = -n**3 + 3*n**2 + 3*n - 4. Suppose -8*h + 9*h = 4. What is o(h)?
-8
Let z(t) = -2*t + 2. Let l(j) = -j**3 - 8*j**2 + 10*j + 5. Let p be l(-9). Let x(w) = -w**2 - 4*w - 3. Let r be x(p). Give z(r).
8
Let h = 1 + 0. Suppose 5*f = 3*i - 4 + 26, -4*f + 12 = -i. Let n(v) = f*v**2 - 1 + 1 - 5*v**3 - 1. Determine n(h).
-4
Let c(s) = 3*s**2 + 2*s + 2 + s - 6*s. Suppose -2*w - 2 + 6 = 0. What is c(w)?
8
Suppose -5*c + 13 = -2. Let l(d) be the first derivative of -1 - c*d + 1/2*d**2. Determine l(3).
0
Suppose 0 = 5*b + 33 - 3. Let n(g) = 2*g + 8. Calculate n(b).
-4
Let y(f) = f**3 + 4*f**2 - 2. Suppose 6*h = 3*h - 3. Let m be h/(-3) - (-66)/(-9). Let o be (-4)/(-5)*(2 + m). Determine y(o).
-2
Let z(v) = 0*v - 2 + 3*v + 4. Suppose -c + 0*c = -2*y - 8, 5*c + 35 = -5*y. What is z(c)?
-4
Let b(a) = 87*a**3 - 170*a**3 + 84*a**3 + 2 + 4*a**2. What is b(-4)?
2
Suppose 0 = 5*u - 5*n - 12 - 3, 3*n = -u - 5. Let l(h) = h**2 - 4*h + 1. Let q(y) = 3*y**2 - 7*y + 2. Let k(a) = -5*l(a) + 3*q(a). Give k(u).
4
Let l(n) = 5*n**2 + 3*n + 3. Let q(d) = 4*d**2 + 3*d + 2. Let g(s) = 3*l(s) - 4*q(s). Calculate g(2).
-9
Let n(s) be the third derivative of -7*s**5/60 + s**4/24 + s**3/6 + 6*s**2. What is n(-1)?
-7
Let b(y) be the first derivative of -y**4/12 - 5*y**3/6 - y**2/2 + y - 1. Let z(o) be the first derivative of b(o). Give z(-4).
3
Let d(o) be the second derivative of -o**5/20 - o**4/4 + 5*o**3/6 + 5*o**2/2 + 9*o. Give d(-4).
1
Let n(z) = z**3 - 6*z**2 - z + 3. Let u(d) = 3*d - 15. Let o be u(7). Give n(o).
-3
Let d(w) = 4*w + 1. Suppose -4*u + 25 = -3*x, 0 = -5*x + u - 21 + 2. Let h be 24/(-16)*4/x. Determine d(h).
9
Let j(c) = 30 - 18 - c**2 - 14 + 7*c. Give j(6).
4
Let t be 75/10*2/(-3). Let v be (-1 + 0)*t/5. Let s(x) be the second derivative of 5*x**3/6 - x**2/2 - x. What is s(v)?
4
Let z(l) be the second derivative of l**3/3 + l**2/2 - 4*l + 4. Calculate z(-6).
-11
Suppose -3*a + 36 = -6*a. Let r be (-3)/((-9)/a*-2). Let f(y) = -y**2 + 2*y. Give f(r).
0
Let d be 1/4*(-9 + 13). Let l(t) = 12*t**2 - t + 1. What is l(d)?
12
Let q(f) = -f**3 - 5*f**2 - 2*f - 3. Let y(z) = -z - 10. Let v(o) = -o**3 + 11*o**2 + 13*o - 17. Let w be v(12). Let j be y(w). What is q(j)?
7
Let j(k) = k. Let a(l) = -l**2 - 8*l - 1. Let s be a(-6). Suppose -4*b + m - s = -2*b, -3*m = -2*b - 9. Let p be -2 + b/4*2. Calculate j(p).
-5
Let j(w) = -3*w + 6. Let c(u) = u + 1. Suppose -5 = -4*g + 11. Let z(q) = g*c(q) - j(q). Give z(2).
12
Let q(g) = -6*g - 4. Let z = -99 + 95. Calculate q(z).
20
Let r(k) be the first derivative of k**3/3 - 2*k**2 + 3*k - 3. Calculate r(3).
0
Suppose 0*k = 3*k. Let a(u) = -4*u**2 + 3*u - 6 + k + u**3 + 4. Determine a(3).
-2
Let m(a) = -2*a. Let l(u) = -5*u - 1. Suppose -9 = 4*d + 19. Let s(p) = d*m(p) + 3*l(p). Let h be (-4)/((-32)/(-12) - 2). Determine s(h).
3
Let i be (-20)/(1 + 0 - 2). Let q(b) = 5*b - 7. Let j be q(6). Suppose 0 = -4*d - i, 0*r + 5*d + j = r. Let a(o) = o**2 + 3*o - 2. Determine a(r).
-4
Suppose 0 = 6*u - 3 - 9. Let w(x) = -2*x + 1. Determine w(u).
-3
Let p(l) be the third derivative of 0*l + 1/10*l**5 - 7/6*l**3 - 1/120*l**6 + 0 - 1/6*l**4 + l**2. Let w be ((-2)/(-6))/(2/30). Determine p(w).
-2
Suppose 0 = 3*x - 25 - 50. Let m = x + -18. Let p(u) = m*u + 5 - 5*u + 0. Determine p(-4).
-3
Let d = -5 + 2. Let k(c) = -3*c**2 - 4 + c**2 + 3*c**2. Calculate k(d).
5
Let b(t) = t**3 - 5*t**2 + 4. Suppose 7*q = 2*q + 70. Suppose -2*h = 2*r + 18 - 6, -2*h - q = 4*r. Let v be (2*r)/(2/(-5)). Calculate b(v).
4
Suppose 3*v - 50 = -7*v. Let y(g) = g**2 - 9*g - 5. Calculate y(v).
-25
Let c(z) = z**3 - z**2 + z + 6. Let r be 1/(2/(12*1)). Let v = r - 12. Let w = 6 + v. What is c(w)?
6
Let n(f) = 2*f - 2. Suppose 4 = -5*j - 31. Let l(s) = 3*s - 3. Let d(h) = j*n(h) + 5*l(h). What is d(-3)?
-4
Let h(g) = 8*g - 17. Let z(y) = -3*y + 6. Let k = 6 + -10. Let j(i) = k*h(i) - 11*z(i). Let a(p) = p**2 + p + 5. Let u be a(0). Give j(u).
7
Let k(z) = z**2 - z - 9. Let s be k(3). Let q(t) = -t**3 - 3*t**2 + 1. Give q(s).
1
Let n(c) be the second derivative of -c**5/20 + c**4/4 - c**3/2 - 3*c**2/2 + 9*c. What is n(3)?
-12
Let i = -6 - -8. Let b(n) = -2*n + 1. Determine b(i).
-3
Let y(w) = w**2 - w - 4. Let s be (-1)/(-2) + (35/(-10) - -3). Determine y(s).
-4
Let j(l) = 3*l - 4*l**2 - 13*l + 9*l. Give j(1).
-5
Let l(x) = -x**3 - 5*x**2 + 4*x - 5. Let w be l(-6). Suppose -5*u = -w - 3. Let a(t) = 5 + 3*t**2 + 5*t - 4*t**u - 4*t - 3*t. Calculate a(-5).
-10
Let b(s) = 3*s**3 - 26*s**2 - 9. Let x(v) = v**3 - 9*v**2 - 3. Let n(y) = -6*b(y) + 17*x(y). Let f(d) = d**3 + 10*d**2 + 9*d + 3. Let g be f(-9). Give n(g).
3
Let r(a) = a**2 - a + 1. Let w(b) = b - 3. Let p be w(3). Let c = p + 9. Let i = c - 8. What is r(i)?
1
Let g = -16 - -22. Let q(r) = -r**2 + 10*r - 3. Let o(l) = l - 1. Let z(d) = -5*o(d) + q(d). Let j be z(g). Let s(n) = n**2 + 2*n - 3. Determine s(j).
5
Let x(z) = -2*z - 9. Let d be x(-6). Let u = 6 - d. Let a(i) = -7*i - 3. Let p(c) = c + 1. Let w(l) = -a(l) - 6*p(l). Calculate w(u).
0
Let a(x) = 9*x - 3. Let y(b) = 28*b - 10. Let k(v) = -7*a(v) + 2*y(v). Suppose -5*s = 4*c + 7, -s + 0*c = -2*c - 7. What is k(s)?
-6
Let p = 4 + -14. Let k = p + 4. Let m(y) = -y**3 - 5*y**2 + 9*y + 9. Calculate m(k).
-9
Let v(j) = -j - 3. Let d(o) = -2*o - 6. Let h(f) = -3*d(f) + 7*v(f). Let q be (-2)/1*3/2. Calculate h(q).
0
Let u(s) = s - 3. Let t be u(4). Let b(p) = 2*p + 2 - t + 0*p**2 + 4*p**2. Let l = -3 + 2. Give b(l).
3
Suppose 0 = -5*q - 2 - 3. Let t(p) = p + p + 4*p**3 - 2*p - 1. Determine t(q).
-5
Let h(m) = -134*m**2 - 6*m - 4 + 133*m**2 + 4. Determine h(-7).
-7
Let x(t) = 4 - 3 + 2*t - 5 + 4*t. Let o(s) = -7*s + 1. Let z(f) = -15*f + 1. Let m(a) = -5*o(a) + 2*z(a). Let p(b) = -4*m(b) + 3*x(b). Give p(1).
-2
Let j(a) = 2 - 3 + 0*a - a + 3. Give j(-6).
8
Let f(j) = 3*j - 1. Let n be 1 - 3/(9/(-3)). Suppose 0 = -n*b - 1 + 5. Let x = b - 0. Calculate f(x).
5
Suppose 2*v + w = 5, 3*v + 4*w - 17 = -2*v. Let l(z) be the third derivative of -1/12*z**4 + 1/6*z**3 - 2*z**2 - 1/24*z**6 + 0*z + 0 + 0*z**5. Determine l(v).
-6
Let u(j) = 6*j + 1. Let k(v) = -1. Let q(i) = i + 1. Let p(c) = -4*k(c) - 5*q(c). Let w(s) = 7*p(s) + 6*u(s). Suppose 0 = -0*h - h - 3. What is w(h)?
-4
Let h(b) = 0*b - 32*b**2 + 4*b + 31*b**2 + 8. What is h(6)?
-4
Let g(m) = 4*m**3 - 4*m - 3*m**3 - 3*m**2 + 6*m - 1. Let u = 5 + -5. Let r be 3 + (-2 + 2 - u). Give g(r).
5
Let t be -4 + 7 + (0 - 1). Suppose 5*b = -4*y - 7, 0 = 5*y + t*b - 6 + 19. Let v(o) = -o**2 + 1. Calculate v(y).
-8
Let p(w) be the third derivative of -w**4/24 + 11*w**3/3 + 3*w**2. Calculate p(0).
22
Suppose -h - 9 = -2*p, -p + 6 = -4*p - 5*h. Let j(b) = 2*b + 1 - 2*b**3 - b**p + 4*b**3 + 0*b. What is j(-1)?
-2
Suppose -q = -3*u + 4, 5*u + 3*q = -2*q. Let b(o) = u + 2*o + 4*o**2 + 0 + 0*o. Let y be 6/9*(-6)/4. Give b(y).
3
Let o(c) = 36*c**3 - 16*c**2 - 16*c + 11. Let r(n) = 0 - 2 - 3*n + 7*n**3 + 6 - 3*n**2 - 2. Let u(m) = -2*o(m) + 11*r(m). Determine u(-1).
-5
Let j(s) = 2*s**2 - s + 1. Let i be j(1). Let f(r) = -3*r**2 + 2*r**2 + r + 0*r**i. Determine f(2).
-2
Let d(q) = 5*q + 0*q - 1 + 0*q - 4*q. Let t be d(-1). Let x(l) = -2*l**3 - 2*l**2 + l + 1. Give x(t).
7
Suppose -4*o - 3*g - 12 = 0, -o = g + 2 + 2. Let b = -9 + 9. Let l = o - b. Let k(t) = t - 4. What is k(l)?
-4
Let c(i) = -3*i**3 - 5*i**2 + 5*i - 2. Let f(l) = 8*l**3 + 15*l**2 - 15*l + 7. L